-804)/30?
6
Suppose -2*t = 5*k - 30552, -9*t = k - 11*t - 6108. What is the hundreds digit of k?
1
Suppose 92*w - 2*x - 34956 = 89*w, -4*x - 11632 = -w. What is the thousands digit of w?
1
Let f = -78768 + 141926. What is the units digit of f?
8
Suppose -21*k = -23*k - 6, 0 = 5*r - 5*k - 100. What is the tens digit of ((-18)/10)/(((-816)/31520)/r)?
8
Let w(u) = -13*u + 79. Let f be w(-6). Suppose -f*k = -158*k + 590. What is the tens digit of k?
9
Let d(x) = 3*x**2 - x - 3. Let k = 20 + 0. Suppose 0 = -5*w + 45 - k. What is the tens digit of d(w)?
6
Suppose -2548*k + 2561*k - 133419 = 0. What is the thousands digit of k?
0
Let d(o) = o**3 + 20*o**2 + 18*o + 22. Let a be d(-19). Suppose 5*x + 33 = p, -3*p + x + a = -2. Suppose p = -2*v + 255. What is the tens digit of v?
2
Let k = 38019 + -25906. What is the tens digit of k?
1
Suppose 12201 = 2*s + 3*w - 6230, -3*s + 5*w + 27637 = 0. What is the hundreds digit of s?
2
Let x(v) = 14*v**3 - 2*v**2 + 13*v + 18. Let z(b) = 7*b - 5*b**3 - 11*b - 6 + 3*b**2 - 2*b**2. Let y(f) = -4*x(f) - 11*z(f). What is the units digit of y(-4)?
2
Let b be 9/(-1) + 1/((-1)/(-3)). Let x(m) = -16*m - 23. What is the units digit of x(b)?
3
Let z(w) = 3*w**2 + 8*w. Let p be z(-3). Suppose 1714 = 5*l - p*g + 106, -965 = -3*l + 2*g. What is the hundreds digit of l?
3
Let m(j) = -212*j - 89. Let u(r) = 1. Let q(s) = m(s) - 6*u(s). What is the units digit of q(-3)?
1
Suppose u - 54 = -5*q, 4 = 2*u - 4. Suppose q = -15*w + 130. What is the units digit of w?
8
Suppose 215 = 11*x - 115. Suppose -14*g + 19*g - x = 0. Suppose g*j - j - 3*c = 271, 4*c + 220 = 4*j. What is the tens digit of j?
5
Let h = 172 + -123. Suppose 0 = 51*b - h*b + 954. What is the hundreds digit of (5/3)/(((-33)/b)/11)?
2
Suppose 0 = 87*t - 253111 + 9772. What is the thousands digit of t?
2
Suppose 14*g = 43*g - 85565 - 220675. What is the thousands digit of g?
0
Let p be 3/(-6) - (-438)/4. Let r = 573 - 569. What is the hundreds digit of r*(-2)/4 + 0 + p?
1
Let s be (-864)/30 + 2/(-10). Let r(f) = -20*f - 101. What is the units digit of r(s)?
9
Let h(x) = x**3 + 6*x**2 + x + 8. Let o be h(-6). Suppose w = 4 - o. Suppose 172 = 4*c - 3*y - 41, -w*c + 114 = -4*y. What is the tens digit of c?
5
Suppose 51*x = -3*w + 50*x + 3633, 4*w - 3*x = 4857. Suppose 6*u - 564 = w. What is the tens digit of u?
9
Suppose -3*c - 7*s + 5*s = -2356, 778 = c - 3*s. Suppose 5*x + 492 = -3*n + 1613, -4*x - c = -2*n. What is the tens digit of n?
8
Let u(j) = 69*j**2 + 4*j + 24. Let d = -150 - -147. What is the units digit of u(d)?
3
Suppose 3*o - 80 = -2*o. Suppose o*i - 6384 = -0*i. What is the units digit of i?
9
Suppose 3*p = 4*p - 9. Let r = p + -41. Let a = 72 + r. What is the units digit of a?
0
Let l(z) = 2*z**2 + 21*z + 9. Let c(p) = -3*p**2 - 31*p - 14. Let q(s) = -5*c(s) - 7*l(s). Let b be q(-7). Let a = b + 9. What is the units digit of a?
9
Let g be 77/(-21) - (-1)/(-3). Let q be (-1)/2 - (-1306)/g. What is the units digit of q/(-5) + (-2)/5?
5
What is the hundreds digit of 115 + -111 + 1 + 13484?
4
Let n(o) = -o + 15. Let x be n(19). What is the hundreds digit of -163*((-56)/40 + x/(-10))?
1
Let o(d) = 72*d**2 - 5*d - 3. Let q be o(-3). Suppose 6*x - 4*k = 3*x - 998, 2*x + q = 4*k. Let h = -118 - x. What is the units digit of h?
0
Let f(n) = 2*n**2 - 18*n + 11. Let i be (-4)/(-10) + 301/35. Let z be f(i). What is the hundreds digit of 2/z + 15/(1485/19782)?
2
Suppose 5*l + 9 = 49, 6*w + 4*l - 105248 = 0. What is the thousands digit of w?
7
Let y(a) = 2*a**2 - 28*a + 35. Let v be y(13). Let k be 94/6 - (-3)/v. Suppose k = t - 151. What is the tens digit of t?
6
What is the thousands digit of 21089 - ((-192)/(-16) + 8)?
1
What is the ten thousands digit of 2010*-111*(-13)/195?
1
Let w(x) = 8*x + 5. Let a be w(0). What is the units digit of 14 + 489 + -1*a?
8
Let u(a) = a**3 + 16*a**2 - 32*a + 21. Let q be u(-18). Let f = 122 - q. What is the units digit of f?
3
What is the hundreds digit of (7 + -12*14/21)/(6/(-111372))?
5
Suppose 0 = -91*x - 44*x + 461835. What is the hundreds digit of x?
4
Let q be ((-4)/(-4))/(3 - 2)*3. Suppose 3*w = -2*w - q*t + 757, -3*w + 443 = -t. What is the units digit of w?
9
Let x = 16700 + -10629. What is the units digit of x?
1
Let t(l) = -4*l**2 - 48*l - 7. Let o be t(-3). Suppose 1 + 11 = f. Let w = f + o. What is the tens digit of w?
1
Suppose u - 92174 + 13417 = -2*z, 4 = -4*z. What is the units digit of u?
9
Suppose -4*z + 8883 + 14973 = 0. What is the thousands digit of z?
5
Suppose -5*j = 5*y - 23415, 0 = -j - 401 + 402. What is the hundreds digit of y?
6
Let y(r) = r**3 - 12*r**2 + 3*r - 33. Let x be y(12). Suppose x*k - 1232 = p, 8*p = 5*k + 3*p - 2040. What is the hundreds digit of k?
4
Let f(d) = 5*d**2 + 6*d - 26. Let n be f(9). Let s = n + -27. What is the units digit of s?
6
Suppose 26*h + 4121 = 15561. Suppose -446*n + h*n = -942. What is the hundreds digit of n?
1
Let j(v) = v - 12. Let w be j(4). Let n be (-112)/(-42)*78/w. What is the tens digit of (-3)/24*n*8?
2
Let r(a) be the third derivative of a**6/120 - 11*a**5/30 - 4*a**4/3 + 29*a**3/6 - 74*a**2 + 2. What is the hundreds digit of r(24)?
4
Suppose 2*l - 2*j = 0, -11 = 2*l - 5*j - 5. Suppose -5*c - 1813 = -3*d, 13 = -l*c + 3. What is the tens digit of d?
9
Let f = 1691 - 1541. What is the tens digit of f?
5
Let t(y) = 843*y**2 - 39*y + 80. What is the tens digit of t(2)?
7
Let r = 993 + -1709. Let h = 1706 + r. What is the units digit of h?
0
Let w = 26353 + -2580. What is the thousands digit of w?
3
Let f(p) = -2*p + 11. Let z be f(10). Let y be (-12)/54 - 155/z. Suppose 38 + y = 5*m. What is the tens digit of m?
1
Let d(w) = 6*w**2 - 45. Suppose 0 = -3*y - 3*o + 42, 0 = y + 2*y - 5*o - 42. What is the tens digit of d(y)?
3
Let a(y) = 18*y**2 - 17*y - 438. What is the ten thousands digit of a(35)?
2
Let x(q) = -9*q - 43. Let p be x(-7). Let o(h) = h**2 - 6*h + 40. What is the units digit of o(p)?
0
Suppose -17 = 4*u - 21. Let s(o) = 394*o**3 - o**2 + 2*o. What is the units digit of s(u)?
5
Suppose -w + 2*z + 6 = 4*z, 0 = 5*z - 10. Let g = 13 - w. Suppose 0*k - 1320 = -g*k. What is the hundreds digit of k?
1
Suppose -8*k + 0*k = -24. Suppose k*l - 93 = 93. Suppose 17 = -u + l. What is the units digit of u?
5
Let b(r) = -57*r**3 + 2*r**2 + 385*r + 2625. What is the ten thousands digit of b(-7)?
1
Let r = -7842 + 14531. What is the thousands digit of r?
6
Suppose -243*i = -127*i - 41*i - 3050175. What is the thousands digit of i?
0
Let r = 152 - 148. Suppose -2*j + 466 = 2*m, -r*m = j + m - 225. What is the units digit of j?
5
Let u(l) = -l**3 - 86*l**2 - 44*l + 404. What is the thousands digit of u(-90)?
6
Let l(v) = -2*v + 3. Let t be l(4). Let u(s) = -33*s**2 + 9*s + 11. Let w(f) = -14*f**2 + 5*f + 5. Let a(h) = 2*u(h) - 5*w(h). What is the tens digit of a(t)?
3
Let i = -365 - -5734. What is the thousands digit of i?
5
What is the thousands digit of (-14420)/618*(-600)/14?
1
Let z be (-26)/(-5) + 4 + (-21)/5. Suppose -z*m - 6 = -16. Suppose -c = -m*c + 36. What is the units digit of c?
6
Suppose -95*y = -98*y + 15525. What is the thousands digit of y?
5
Let a(q) = q**2 + 13*q - 64. Let h be a(-17). Suppose -h*o - 2*r + 1190 = 0, 25*r - 299 = -o + 24*r. What is the hundreds digit of o?
2
Let n = 1182 - -363. Let g = n - 21. What is the thousands digit of g?
1
Suppose 35515 + 323262 = 62*c - 563969. What is the units digit of c?
3
What is the hundreds digit of 13567 - (2 - -22 - 20)?
5
Let w be 2/7 + 247/91. Suppose -3*i - 176 = x - 489, -923 = -w*x - i. What is the tens digit of x?
0
Suppose 0*j - 140 = 5*x - j, j - 113 = 4*x. Let t = x + -5. Let z = t + 57. What is the tens digit of z?
2
Let k = -29354 - -54510. What is the thousands digit of k?
5
Suppose 7*q + 0*q = 0. Suppose 25*r - 21*r - 20 = q. Suppose -r*s + 10*s - 115 = -2*x, 3*x = s + 215. What is the units digit of x?
0
Let c(h) = -6*h**2 - 32*h - h**3 - 7*h**2 - 41 - 14*h**2 + 2*h**2 - 29*h. What is the units digit of c(-25)?
4
What is the tens digit of (-838281)/(-690) + (-2)/((-40)/2)?
1
Let m(g) be the second derivative of -73*g**3/2 - 50*g**2 + 158*g. What is the tens digit of m(-7)?
3
Suppose -2*x - 349 = -z, 4*z + 41*x - 1388 = 45*x. What is the units digit of 189037/z + 3/45?
8
Suppose 2*o + y